0 (base 3) to base 9.
-6
1 (base 4) to base 7
1
3 (base 11) to base 9
3
What is 110012 (base 3) in base 11?
27a
-2 (base 5) to base 10
-2
Convert 18 (base 14) to base 3.
211
2011 (base 4) to base 2
10000101
Convert -1343 (base 5) to base 7.
-436
25 (base 10) to base 4
121
210 (base 4) to base 11
33
What is 119 (base 10) in base 15?
7e
What is 38 (base 13) in base 8?
57
-23 (base 13) to base 14
-21
What is -1 (base 3) in base 5?
-1
-4 (base 11) to base 8
-4
What is -6 (base 15) in base 16?
-6
-2 (base 7) to base 14
-2
Convert 0 (base 9) to base 4.
0
17 (base 10) to base 16
11
What is -31 (base 16) in base 7?
-100
2 (base 16) to base 3
2
53 (base 10) to base 5
203
What is -22 (base 10) in base 12?
-1a
211 (base 4) to base 9
41
Convert -10 (base 2) to base 13.
-2
Convert 18 (base 14) to base 10.
22
Convert -4 (base 6) to base 11.
-4
What is -1b (base 14) in base 9?
-27
-10 (base 2) to base 15
-2
What is 9 (base 12) in base 13?
9
-88 (base 15) to base 4
-2000
265 (base 10) to base 8
411
12d (base 16) to base 7
610
-75 (base 13) to base 6
-240
21 (base 3) to base 4
13
20 (base 8) to base 5
31
What is -24 (base 5) in base 6?
-22
Convert -1 (base 12) to base 4.
-1
Convert 6 (base 7) to base 5.
11
-5 (base 14) to base 9
-5
-2 (base 8) to base 16
-2
Convert 23 (base 7) to base 16.
11
-4 (base 5) to base 11
-4
-101 (base 5) to base 3
-222
Convert 4 (base 7) to base 10.
4
-4 (base 9) to base 10
-4
-50 (base 10) to base 2
-110010
Convert 10000011 (base 2) to base 16.
83
Convert 164 (base 8) to base 10.
116
What is -2 (base 3) in base 6?
-2
What is 101100 (base 2) in base 13?
35
What is -220 (base 5) in base 9?
-66
-1 (base 4) to base 12
-1
Convert -1 (base 16) to base 4.
-1
Convert -91 (base 10) to base 2.
-1011011
Convert 215 (base 11) to base 12.
196
What is -18 (base 16) in base 9?
-26
-101201 (base 3) to base 8
-441
What is 10 (base 10) in base 15?
a
What is 1 (base 12) in base 3?
1
What is 401 (base 7) in base 3?
21022
Convert -90 (base 10) to base 5.
-330
What is -383 (base 9) in base 7?
-633
Convert 43 (base 6) to base 10.
27
-211 (base 4) to base 9
-41
What is -168 (base 9) in base 7?
-263
-2 (base 6) to base 11
-2
Convert -8 (base 11) to base 14.
-8
Convert -178 (base 12) to base 4.
-3230
13 (base 6) to base 14
9
Convert -101 (base 2) to base 5.
-10
Convert 8b (base 12) to base 7.
212
0 (base 11) to base 10
0
-3 (base 14) to base 3
-10
What is 1 (base 12) in base 9?
1
What is -6 (base 9) in base 6?
-10
What is 1 (base 13) in base 15?
1
Convert -41 (base 11) to base 3.
-1200
What is -31 (base 4) in base 14?
-d
49 (base 11) to base 8
65
Convert 1 (base 10) to base 9.
1
Convert 1 (base 7) to base 4.
1
What is 1 (base 7) in base 11?
1
Convert 7 (base 9) to base 6.
11
0 (base 11) to base 9
0
21 (base 3) to base 9
7
-130 (base 5) to base 7
-55
88 (base 10) to base 8
130
What is 10110 (base 2) in base 6?
34
-2 (base 5) to base 15
-2
What is -2a (base 12) in base 11?
-31
Convert 41 (base 6) to base 16.
19
What is 90 (base 12) in base 16?
6c
-4 (base 14) to base 8
-4
What is -b1 (base 15) in base 12?
-11a
What is -106 (base 7) in base 2?
-110111
What is -c (base 16) in base 14?
-c
What is -47 (base 11) in base 13?
-3c
Convert 70 (base 10) to base 13.
55
-1100 (base 5) to base 9
-176
What is -2233 (base 4) in base 6?
-451
What is 222 (base 3) in base 12?
22
Convert 71 (base 14) to base 13.
78
Convert -22 (base 3) to base 15.
-8
10111 (base 2) to base 4
113
Convert 13 (base 6) to base 8.
11
What is -10110 (base 2) in base 3?
-211
Convert 9 (base 16) to base 3.
100
Convert 0 (base 8) to base 15.
0
Convert 33 (base 8) to base 5.
102
Convert 11 (base 5) to base 4.
12
What is 314 (base 7) in base 11?
134
What is 11 (base 2) in base 14?
3
What is 11 (base 3) in base 2?
100
6 (base 15) to base 13
6
0 (base 15) to base 14
0
-7 (base 9) to base 11
-7
Convert -6 (base 12) to base 16.
-6
What is -11 (base 14) in base 9?
-16
Convert -10 (base 9) to base 10.
-9
What is -2 (base 16) in base 5?
-2
What is 0 (base 7) in base 8?
0
21 (base 3) to base 2
111
What is 0 (base 14) in base 12?
0
3121 (base 4) to base 2
11011001
Convert -412 (base 5) to base 10.
-107
-500 (base 6) to base 2
-10110100
Convert b (base 13) to base 5.
21
What is -2 (base 15) in base 3?
-2
What is -32 (base 5) in base 12?
-15
-75 (base 11) to base 15
-57
What is 2 (base 13) in base 14?
2
-11000 (base 3) to base 14
-7a
What is 0 (base 5) in base 10?
0
Convert -3 (base 10) to base 3.
-10
-2 (base 14) to base 16
-2
What is 446 (base 7) in base 14?
126
Convert 3 (base 9) to base 13.
3
What is 26 (base 15) in base 7?
51
Convert 5 (base 14) to base 7.
5
What is 0 (base 16) in base 12?
0
What is 82 (base 11) in base 8?
132
-184 (base 14) to base 10
-312
What is -21 (base 9) in base 8?
-23
Convert -13 (base 12) to base 14.
-11
Convert -1011 (base 5) to base 9.
-155
-4 (base 10) to base 4
-10
What is 53 (base 6) in base 16?
21
-37 (base 16) to base 13
-43
Convert 251 (base 8) to base 14.
c1
What is 69 (base 12) in base 4?
1101
What is -6 (base 8) in base 10?
-6
What is 24 (base 7) in base 9?
20
Convert -50 (base 12) to base 14.
-44
4 (base 7) to base 14
4
Convert 44 (base 9) to base 4.
220
What is 55 (base 7) in base 2?
101000
-10111 (base 2) to base 16
-17
Convert 120 (base 6) to base 12.
40
Convert 77 (base 12) to base 5.
331
3 (base 15) to base 4
3
0 (base 7) to base 14
0
Convert 127 (base 11) to base 8.
226
What is 6 (base 12) in base 10?
6
Convert -10 (base 4) to base 16.
-4
d7 (base 14) to base 15
c9
Convert 7 (base 13) to base 11.
7
What is 20 (base 6) in base 4?
30
What is -102 (base 3) in base 11?
-10
Convert -5 (base 15) to base 16.
-5
6 (base 15) to base 9
6
What is -3 (base 7) in base 5?
-3
What is 18 (base 14) in base 3?
211
11010 (base 2) to base 9
28
Convert -1 (base 12) to base 15.
-1
34 (base 5) to base 2
10011
-c5 (base 13) to base 9
-188
-1 (base 2) to base 16
-1
Convert -4d (base 15) to base 14.
-53
Convert 2311 (base 4) to base 15.
c1
What is 3 (base 16) in base 13?
3
What is -10 (base 2) in base 3?
-2
c (base 14) to base 12
10
What is 0 (base 13) in base 6?
0
What is 1 (base 8) in base 11?
1
Convert 9 (base 11) to base 3.
100
Convert -3 (base 10) to base 3.
-10
-5 (base 11) to base 5
-10
What is 30 (base 10) in base 4?
132
What is -1 (base 10) in base 8?
-1
What is -11111 (base 2) in base 9?
-34
117 (base 10) to base 6
313
Convert 4 (base 13) to base 2.
100
23 (base 10) to base 14
19
39 (base 11) to base 7
60
13 (base 14) to base 9
18
Convert -2222 (base 3) to base 11.
-73
Convert -107 (base 10) to base 8.
-153
Convert 1122 (base 6) to base 13.
176
Convert -110 (base 2) to base 6.
-10
47 (base 11) to base 9
56
Convert 5c (base 14) to base 12.
6a
What is 12 (base 14) in base 5?
31
-5 (base 13) to base 12
-5
Convert 1000 (base 2) to base 3.
22
74 (base 12) to base 4
1120
What is 21 (base 6) in base 7?
16
What is 36 (base 9) in base 10?
33
-2 (base 6) to base 5
-2
What is -3 (base 5) in base 14?
-3
Convert 15 (base 13) to base 2.
10010
What is -11 (base 7) in base 6?
-12
-47 (base 9) to base 10
-43
What is 13 (base 8) in base 10?
11
What is 1e (base 15) in base 3?
1002
-5 (base 6) to base 12
-5
What is -1 (base 16) in base 11?
-1
What is 0 (base 2) in base 5?
0
Convert 110 (base 2) to base 6.
10
Convert 135 (base 16) to base 13.
1aa
Convert -200 (base 7) to base 8.
-142
What is 11 (base 3) in base 2?
100
What is -6 (base 8) in base 14?
-6
What is -14 (base 6) in base 13?
-a
What is 5 (base 10) in base 6?
5
Convert 10110110 (base 2) to base 10.
182
34 (base 11) to base 6
101
Convert -6 (base 9) to base 16.
-6
Convert 111 (base 3) to base 13.
10
-2 (base 15) to base 5
-2
-20 (base 5) to base 14
-a
-32 (base 4) to base 13
-11
0 (base 2) to base 13
0
Convert 4 (base 10) to base 5.
4
-ba (base 12) to base 5
-1032
Convert -9 (base 14) to base 13.
-9
Convert 110 (base 2) to base 7.
6
Convert -10 (base 8) to base 10.
-8
Convert -64 (base 10) to base 9.
-71
Convert 0 (base 13) to base 14.
0
Convert 9 (base 14) to base 8.
11
Convert 1001 (base 2) to base 6.
13
What is 3 (base 15) in base 5?
3
What is -10 (base 15) in base 12?
-13
Convert 2111 (base 4) to base 11.
126
What is 1 (base 8) in base 6?
1
Convert 0 (base 5) to base 14.
0
What is -3 (base 5) in base 9?
-3
Convert -101 (base 2) to base 10